r?
True
Is 139357237 composite?
True
Is 6869917 composite?
True
Is 408280907 prime?
False
Is 450249493 a composite number?
False
Is 321499 a composite number?
True
Is 3315563 a prime number?
False
Is 2767865 a prime number?
False
Is 44750087 a prime number?
False
Is 35030323 a prime number?
False
Is 684889 a prime number?
True
Is 3952887 a prime number?
False
Is 10478957 prime?
True
Is 10911653 composite?
False
Is 4412879 a composite number?
True
Is 193539691 composite?
True
Is 5362991 a prime number?
True
Is 17781431 composite?
False
Is 1046249 composite?
True
Is 212305631 prime?
True
Is 28409687 a composite number?
False
Is 304209863 a composite number?
False
Is 334913 a composite number?
True
Is 688659691 composite?
False
Is 623447993 prime?
False
Is 2525219 prime?
True
Is 35375909 prime?
False
Is 858367 composite?
True
Is 255641011 a prime number?
False
Is 2162923 a composite number?
True
Is 65947409 a prime number?
False
Is 181429909 a prime number?
True
Is 108883781 prime?
False
Is 3370481 prime?
True
Is 1209697 a prime number?
True
Is 209851 composite?
False
Is 17979271 prime?
True
Is 519217 composite?
False
Is 94244849 a composite number?
False
Is 407290111 a composite number?
True
Is 152222897 composite?
False
Is 11005471 a composite number?
True
Is 35102513 a prime number?
False
Is 1174571 prime?
True
Is 61174163 a prime number?
True
Is 6119233 prime?
True
Is 295259 prime?
True
Is 1539667 a composite number?
True
Is 14741149 a prime number?
False
Is 926879 a composite number?
False
Is 441443319 prime?
False
Is 7669427 prime?
False
Is 15747259 composite?
True
Is 313495579 composite?
False
Is 7453951 a prime number?
False
Is 3615943 a prime number?
True
Is 48669187 a composite number?
True
Is 890569 prime?
False
Is 16914529 prime?
False
Is 42232907 composite?
False
Is 71059 a composite number?
False
Is 108598291 prime?
False
Is 39813469 a prime number?
True
Is 43736983 a composite number?
True
Is 8921321 composite?
False
Is 4893611 a composite number?
True
Is 8103517 composite?
True
Is 419703 prime?
False
Is 25486603 a composite number?
False
Is 1882526 composite?
True
Is 44208539 composite?
True
Is 39240349 a prime number?
False
Is 25591793 composite?
True
Is 2189139 a composite number?
True
Is 39160211 a composite number?
False
Is 63373967 prime?
True
Is 2218110969 composite?
True
Is 13206173 composite?
False
Is 25410613 prime?
True
Is 2275465 prime?
False
Is 14560627 composite?
True
Is 1880633 composite?
False
Is 42002698 prime?
False
Is 156569771 a composite number?
False
Is 307740263 a prime number?
True
Is 260529959 a prime number?
False
Is 235100755 a composite number?
True
Is 10230799 composite?
True
Is 4687999 a prime number?
True
Is 28957727 a composite number?
False
Is 35914621 a prime number?
True
Is 15561157 composite?
False
Is 68311 a composite number?
False
Is 8419511 prime?
True
Is 57247961 a prime number?
True
Is 266433 a prime number?
False
Is 172032535 a prime number?
False
Is 395530682 a prime number?
False
Is 3733607 prime?
True
Is 2771101 a prime number?
False
Is 77379 prime?
False
Is 6482299 composite?
False
Is 17511485 prime?
False
Is 140337311 prime?
True
Is 529007 a prime number?
True
Is 10028771 a prime number?
True
Is 26569937 a composite number?
True
Is 514351 prime?
False
Is 63180543 composite?
True
Is 6298793 composite?
False
Is 1762031 composite?
False
Is 9389381 prime?
True
Is 2533159 prime?
False
Is 119466385 a composite number?
True
Is 56712759 a composite number?
True
Is 12983731 a composite number?
True
Is 4918171 a prime number?
True
Is 1433785623 a prime number?
False
Is 135709663 a composite number?
False
Is 164356111 prime?
True
Is 5861522 a composite number?
True
Is 109661099 a prime number?
False
Is 3615043 composite?
True
Is 614507681 composite?
True
Is 65545697 prime?
False
Is 34182895 a composite number?
True
Is 156777389 a prime number?
True
Is 1002185 prime?
False
Is 5375327 composite?
False
Is 5603669 composite?
True
Is 7500539 composite?
False
Is 35570294 prime?
False
Is 5958089 prime?
True
Is 5525297 a prime number?
False
Is 12931549 a prime number?
True
Is 353138893 a prime number?
True
Is 3847163 a prime number?
False
Is 85342555 prime?
False
Is 47228567 a composite number?
True
Is 23734727 a prime number?
True
Is 64894517 composite?
True
Is 24752657 a prime number?
False
Is 104057705 a composite number?
True
Is 10108169 composite?
True
Is 85467079 a composite number?
False
Is 139524589 composite?
True
Is 2098027 a composite number?
False
Is 5996759 prime?
True
Is 1065667565 a prime number?
False
Is 290373947 composite?
False
Is 3877379 composite?
True
Is 1445741 a composite number?
True
Is 76261015 a prime number?
False
Is 26928107 a prime number?
False
Is 3292063 prime?
True
Is 18034273 a composite number?
True
Is 54391031 composite?
False
Is 1159283 a prime number?
True
Is 808999 a composite number?
True
Is 266185397 a composite number?
False
Is 17055353 composite?
True
Is 30651403 prime?
True
Is 869305 composite?
True
Is 24797471 composite?
True
Is 1620817 composite?
True
Is 12215473 a composite number?
False
Is 1499477 a prime number?
False
Is 120156241 a prime number?
True
Is 952535 a prime number?
False
Is 1560937 composite?
True
Is 645017 a composite number?
True
Is 9279551 composite?
False
Is 150706151 a prime number?
False
Is 54630209 a prime number?
False
Is 45788417 prime?
False
Is 21913321 a prime number?
True
Is 39392027 prime?
True
Is 1298949853 a composite number?
False
Is 37883941 a composite number?
False
Is 699505 prime?
False
Is 1832587 prime?
False
Is 107172691 composite?
False
Is 142266959 a composite number?
True
Is 273295543 composite?
True
Is 3600862 composite?
True
Is 3420553 prime?
False
Is 321029 a composite number?
True
Is 9476587 composite?
False
Is 20624743 a prime number?
True
Is 8551057 a composite number?
False
Is 44253497 prime?
False
Is 9137437 a prime number?
True
Is 92491007 a prime number?
False
Is 196714729 a composite number?
False
Is 316771586 composite?
True
Is 153817 composite?
False
Is 1427105 a composite number?
True
Is 9428467 a prime number?
False
Is 9974651 a composite number?
False
Is 55907809 a prime number?
True
Is 329605 prime?
False
Is 7351627 a composite number?
False
Is 1766081 a composite number?
True
Is 56193427 a prime number?
False
Is 6537853 a prime number?
False
Is 34438933 prime?
True
Is 22440323 a composite number?
True
Is 11604211 composite?
False
Is 99156503 composite?
False
Is 126252253 a prime number?
False
Is 63714241 prime?
False
Is 932891 a prime number?
False
Is 67871 a composite number?
True
Is 51432541 composite?
True
Is 229171 prime?
True
Is 1555751 a prime number?
True
Is 172874201 a prime number?
True
Is 2963809 composite?
False
Is 42501029 a composite number?
True
Is 31277797 a prime number?
True
Is 7339957 a composite number?
False
Is 1026757 prime?
True
Is 19438277 prime?
True
Is 20577899 composite?
False
Is 8026627 composite?
True
Is 6005279 prime?
False
Is 1396129 prime?
False
Is 2567209 composite?
True
Is 13913729 composite?
False
Is 245843789 composite?
False
Is 10839541 prime?
False
Is 90246517 a composite number?
False
Is 621647 prime?
False
Is 47394727 a composite number?
True
Is 3857269 a prime number?
False
Is 10089293 a prime number?
True
Is 11933167 a prime number?
False
Is 84974363 a prime number?
False
Is 34618573 a prime number?
False
Is 17438701 composite?
True
Is 5867461 a prime number?
False
Is 178294213 composite?
False
Is 31995989 composite?
True
Is 4543991 composite?
False
Is 101046217 a prime number?
False
Is 193862337 a prime number?
False
Is 1493903 a prime number?
True
Is 24230741 a composite number?
False
Is 10925723 composite?
True
Is 68326229 a composite number?
False
Is 20753173 a prime number?
False
Is 261773 a composite number?
False
Is 11897957 a prime number?
True
Is 8546137 a composite number?
True
Is 18572165 a prime number?
False
Is 601127 a prime number?
True
Is 51300791 prime?
False
Is 1339463 composite?
False
Is 3335569 prime?
False
Is 12300919 a prime number?
True
Is 7353691 a composite number?
True
Is 130820587 prime?
True
Is 7408997 prime?
True
Is 50727253 a composite number?
True
Is 3122435 prime?
False
Is 37037477 a composite number?
False
Is 7162907 a compo